010 (base 7) to base 13.
414
24893 (base 14) to base 12
43969
Convert -682b (base 15) to base 12.
-1094b
Convert 1021 (base 8) to base 3.
201121
Convert 11013 (base 7) to base 8.
5302
Convert -8324 (base 12) to base 15.
-4374
What is 32430 (base 5) in base 8?
4300
What is 4cac (base 15) in base 4?
3333222
Convert 4219 (base 11) to base 2.
1010111010010
1000001000110 (base 2) to base 11
3148
What is -1475a (base 12) in base 7?
-146515
-8735 (base 12) to base 13
-6a01
1402 (base 8) to base 11
640
-1100000 (base 2) to base 16
-60
101110010001 (base 2) to base 8
5621
13e1 (base 16) to base 9
6874
What is 10100001 (base 3) in base 9?
3301
Convert -210101 (base 3) to base 16.
-241
What is -777b (base 14) in base 15?
-61e4
Convert 828 (base 13) to base 9.
1810
Convert -1001101001111 (base 2) to base 4.
-1031033
Convert -101100100010110 (base 2) to base 10.
-22806
-67b1 (base 13) to base 8
-34255
Convert 141120 (base 6) to base 13.
6033
Convert 130362 (base 7) to base 9.
36170
Convert -215 (base 6) to base 16.
-53
-13120 (base 5) to base 11
-861
What is -851 (base 11) in base 3?
-1101221
What is -778 (base 13) in base 14?
-678
What is -142 (base 8) in base 2?
-1100010
100001010111 (base 2) to base 7
6140
Convert 5505 (base 7) to base 2.
11110101101
Convert -5274 (base 10) to base 3.
-21020100
-4003 (base 5) to base 13
-2c9
Convert -241120 (base 5) to base 4.
-2023032
What is -12021200 (base 3) in base 12?
-2290
What is 301223 (base 4) in base 14?
1231
What is -1509 (base 10) in base 16?
-5e5
What is -1582 (base 12) in base 14?
-cdc
What is 1318 (base 9) in base 13?
5b1
Convert -b62 (base 15) to base 5.
-40232
What is -232640 (base 7) in base 12?
-20255
a33 (base 12) to base 14
779
Convert -15520 (base 10) to base 11.
-1072a
Convert -b851 (base 13) to base 9.
-38077
c40b (base 13) to base 4
12212223
-4a9 (base 12) to base 2
-1011000001
3461 (base 13) to base 8
16262
What is -235041 (base 7) in base 9?
-64340
Convert -6863 (base 11) to base 2.
-10001100111111
What is -8aa9 (base 14) in base 5?
-1232221
What is 101011101 (base 3) in base 11?
5625
What is -1212022122 (base 3) in base 14?
-d523
144523 (base 6) to base 5
422034
Convert -101100111111010 (base 2) to base 14.
-8574
What is 10001 (base 5) in base 3?
212012
What is -24 (base 9) in base 7?
-31
101100001111 (base 2) to base 9
3785
Convert 2a09 (base 14) to base 5.
214312
1111110010 (base 2) to base 5
13020
What is -1010002 (base 3) in base 8?
-1454
Convert 12121101 (base 3) to base 9.
5541
-1320 (base 6) to base 10
-336
10276 (base 11) to base 12
87b2
What is -31785 (base 9) in base 15?
-638b
Convert 10651 (base 12) to base 4.
11102131
Convert -2007 (base 10) to base 6.
-13143
Convert -b28 (base 16) to base 10.
-2856
Convert -2290 (base 13) to base 12.
-2981
What is 210010 (base 3) in base 8?
1072
Convert -da4 (base 15) to base 10.
-3079
Convert -110001220 (base 3) to base 13.
-400b
-6bab (base 14) to base 10
-18771
-25533 (base 7) to base 9
-10270
What is 15231 (base 6) in base 3?
10101101
-136421 (base 7) to base 8
-63247
Convert 5535 (base 6) to base 2.
10100000011
What is 111100111 (base 2) in base 10?
487
What is -11020102 (base 3) in base 15?
-dae
Convert -547 (base 12) to base 7.
-2155
-20a4 (base 15) to base 6
-51544
What is -b0b (base 12) in base 8?
-3073
What is -4821 (base 10) in base 13?
-226b
What is -12663 (base 7) in base 4?
-311202
30 (base 7) to base 12
19
124c (base 13) to base 12
1607
Convert 1991 (base 10) to base 2.
11111000111
-32221 (base 4) to base 14
-4ad
1043 (base 6) to base 2
11110011
Convert -2a9 (base 14) to base 2.
-1000011101
-2171 (base 16) to base 11
-6483
Convert -3514 (base 8) to base 14.
-976
Convert -110420 (base 5) to base 4.
-330110
Convert -11011110110 (base 2) to base 12.
-1046
5bc (base 14) to base 8
2172
Convert -1dc0 (base 16) to base 7.
-31130
Convert 1110010101000 (base 2) to base 11.
556a
What is -50b (base 12) in base 11?
-605
What is 1000221 (base 3) in base 10?
754
What is -10100222 (base 3) in base 8?
-4630
Convert 1ac2 (base 15) to base 3.
21222002
100110000 (base 2) to base 12
214
What is -1446 (base 11) in base 2?
-11101001001
-451 (base 8) to base 13
-19b
What is 157 (base 10) in base 2?
10011101
10200102 (base 3) to base 14
d9a
-411 (base 14) to base 7
-2221
What is -2c7 (base 15) in base 6?
-2541
What is 367 (base 9) in base 13?
1a5
What is 10383 (base 9) in base 6?
51503
What is -1030013 (base 4) in base 13?
-22a9
What is 4981 (base 13) in base 3?
112021201
What is -2110102 (base 3) in base 5?
-24133
Convert 2025 (base 6) to base 15.
1ee
-201 (base 3) to base 7
-25
Convert 2063 (base 8) to base 16.
433
-15a1 (base 15) to base 3
-20101021
What is -662 (base 10) in base 16?
-296
2021031 (base 4) to base 16
224d
17a4 (base 12) to base 7
11224
27507 (base 9) to base 4
10203031
What is -3042243 (base 5) in base 13?
-1980c
What is 101010 (base 3) in base 12?
1a9
-5107 (base 8) to base 5
-41011
Convert 4267 (base 8) to base 10.
2231
Convert -20130221 (base 4) to base 13.
-12998
What is 2251 (base 10) in base 7?
6364
701 (base 8) to base 4
13001
What is -ecb (base 15) in base 2?
-110100001101
Convert 8560 (base 16) to base 3.
1201211121
Convert -200211022 (base 3) to base 15.
-40ee
124 (base 11) to base 8
223
What is -10200202 (base 3) in base 4?
-222011
-777 (base 8) to base 9
-627
What is 40475 (base 10) in base 11?
28456
What is 1434 (base 5) in base 11?
202
-2002222 (base 4) to base 7
-33244
Convert -3828 (base 10) to base 14.
-1576
-113314 (base 5) to base 8
-10161
1121 (base 8) to base 10
593
What is -101 (base 14) in base 11?
-16a
Convert 550 (base 6) to base 14.
110
What is -fec (base 16) in base 14?
-16b2
What is -450 (base 6) in base 15?
-b9
Convert 1220 (base 6) to base 14.
176
What is -2585 (base 9) in base 6?
-12552
What is 39913 (base 10) in base 7?
224236
Convert -1322310 (base 4) to base 10.
-7860
Convert 232b5 (base 14) to base 15.
1a57a
What is 31003 (base 4) in base 5?
11320
35a (base 16) to base 2
1101011010
What is -1066 (base 12) in base 11?
-13a2
What is -2331 (base 6) in base 8?
-1057
Convert -11222120 (base 3) to base 4.
-320301
2ae (base 15) to base 3
211202
743 (base 9) to base 16
25e
What is 35942 (base 11) in base 4?
30220001
What is -89a (base 13) in base 8?
-2707
What is 1848 (base 14) in base 9?
6002
What is 20022011 (base 3) in base 9?
6264
100110010001111 (base 2) to base 6
230423
-2254 (base 14) to base 5
-142304
Convert 2790a (base 12) to base 3.
2210021101
a189 (base 11) to base 9
20501
Convert 4087 (base 9) to base 3.
11002221
Convert -202412 (base 6) to base 2.
-11111100001000
358 (base 11) to base 5
3201
-4a93 (base 13) to base 5
-314343
Convert -37553 (base 8) to base 15.
-4c25
What is -5c5 (base 16) in base 2?
-10111000101
What is 235255 (base 7) in base 3?
2011112101
Convert -22210100 (base 3) to base 13.
-2bbc
Convert 1b055 (base 12) to base 9.
60542
What is -148388 (base 9) in base 6?
-1543212
What is -4237 (base 13) in base 6?
-110244
What is -12604 (base 7) in base 14?
-133b
885 (base 15) to base 8
3605
-72084 (base 9) to base 7
-255241
-12211 (base 8) to base 10
-5257
752 (base 10) to base 2
1011110000
Convert 110202212 (base 4) to base 7.
500201
Convert 10221320 (base 4) to base 16.
4a78
What is 162556 (base 7) in base 9?
48131
333333 (base 5) to base 2
10110111000110
Convert -940 (base 16) to base 8.
-4500
What is 111210120 (base 3) in base 12?
59a3
-1000101011 (base 2) to base 4
-20223
What is 614 (base 11) in base 9?
1013
Convert -56 (base 10) to base 14.
-40
What is 11120021 (base 3) in base 5?
101303
What is -2122012 (base 3) in base 9?
-2565
Convert 120120221 (base 3) to base 7.
45064
223300 (base 4) to base 6
20544
Convert -110222202 (base 3) to base 12.
-5592
-1101101110100011 (base 2) to base 13
-1c792
-28727 (base 10) to base 11
-1a646
What is -110 (base 13) in base 7?
-350
What is 6611 (base 7) in base 13?
10c7
-2100120 (base 3) to base 2
-11010110100
What is -2010 (base 4) in base 2?
-10000100
Convert 65300 (base 7) to base 14.
5d00
Convert -110110110110010 (base 2) to base 5.
-1344312
11193 (base 11) to base 8
37503
-7576 (base 10) to base 14
-2a92
-615 (base 10) to base 13
-384
What is -2563 (base 7) in base 8?
-1720
Convert 10110001110 (base 2) to base 16.
58e
What is -104 (base 